site number?
False
Is 369753869 prime?
True
Is 223729897 a prime number?
True
Is 3989593 a composite number?
False
Is 44071099 prime?
True
Is 598657417 composite?
False
Is 72256747 prime?
True
Is 11634649 prime?
False
Is 374745377 prime?
False
Is 72478801 prime?
False
Is 3555077 prime?
False
Is 7896667 a composite number?
True
Is 129084251 a composite number?
False
Is 116903 composite?
False
Is 2746721 prime?
False
Is 91789989 a composite number?
True
Is 360509 prime?
True
Is 30075251 prime?
False
Is 3262543 composite?
True
Is 695437 a composite number?
True
Is 14676169 prime?
True
Is 2843101 a prime number?
True
Is 10922507 prime?
False
Is 6574691 prime?
False
Is 55324691 a prime number?
False
Is 227657383 prime?
True
Is 2834731 a prime number?
False
Is 66775493 a composite number?
True
Is 1070188991 composite?
True
Is 106521377 a prime number?
False
Is 630507 a composite number?
True
Is 4824091 prime?
True
Is 16414241 composite?
False
Is 11325277 composite?
False
Is 1865915795 a prime number?
False
Is 250043459 a prime number?
False
Is 1306615 a prime number?
False
Is 5293147 prime?
False
Is 1428411 composite?
True
Is 42311519 a composite number?
False
Is 1467413 prime?
True
Is 2564957 a composite number?
False
Is 37111739 a prime number?
False
Is 599671 prime?
False
Is 9207167 a prime number?
True
Is 46081873 a prime number?
True
Is 40757743 composite?
True
Is 212474959 a composite number?
True
Is 803338 a composite number?
True
Is 53156521 prime?
False
Is 8031101 prime?
False
Is 48269933 a prime number?
False
Is 453655211 prime?
True
Is 131141711 a composite number?
True
Is 170923853 a composite number?
False
Is 2261737 a prime number?
True
Is 2675689 prime?
False
Is 468926494 prime?
False
Is 10420427 composite?
True
Is 8462347 composite?
True
Is 27415051 prime?
True
Is 294364405 prime?
False
Is 9629731 composite?
True
Is 7069061 prime?
True
Is 88072451 a composite number?
True
Is 130591 a prime number?
False
Is 3373186 composite?
True
Is 1650427 composite?
False
Is 16143229 composite?
True
Is 3523937 a prime number?
False
Is 3055111 a prime number?
False
Is 117183883 a composite number?
False
Is 6020681 a prime number?
True
Is 6321233 a prime number?
False
Is 2069893 prime?
False
Is 140162233 a composite number?
True
Is 3236855 a prime number?
False
Is 3482461 prime?
True
Is 22509609 prime?
False
Is 350372777 composite?
True
Is 18835423 prime?
False
Is 498497635 a prime number?
False
Is 5026277 a prime number?
False
Is 19207567 a composite number?
True
Is 419162815 a composite number?
True
Is 1844707 a prime number?
True
Is 194891 a prime number?
True
Is 6128029 a composite number?
False
Is 23179327 a composite number?
True
Is 101942129 a prime number?
True
Is 1500899 composite?
False
Is 1503119 a prime number?
False
Is 16375091 composite?
True
Is 484061 composite?
False
Is 37064219 a composite number?
False
Is 13894861 prime?
True
Is 3789701 prime?
True
Is 2468926 prime?
False
Is 893999 a prime number?
True
Is 75765083 composite?
False
Is 4773469 prime?
False
Is 87054589 prime?
True
Is 6832237 a prime number?
True
Is 1181263 a composite number?
False
Is 11079839 prime?
True
Is 33646981 composite?
True
Is 1313479 composite?
True
Is 5938181 a prime number?
True
Is 114182611 a prime number?
True
Is 213214223 composite?
True
Is 134741 a prime number?
True
Is 105754403 a composite number?
False
Is 10344001 composite?
False
Is 65019217 a prime number?
False
Is 27180347 composite?
False
Is 168413551 composite?
True
Is 127091 a prime number?
False
Is 195120521 prime?
False
Is 5952049 composite?
True
Is 494639 composite?
False
Is 72891547 prime?
False
Is 8973577 prime?
True
Is 359100523 a prime number?
False
Is 39509371 a prime number?
False
Is 21833677 composite?
False
Is 699313 prime?
False
Is 2209135 a composite number?
True
Is 23220658 a composite number?
True
Is 8889619 a composite number?
True
Is 4306733 a composite number?
False
Is 660124009 prime?
True
Is 1128607 prime?
False
Is 38634551 composite?
True
Is 23652911 a prime number?
True
Is 168746759 composite?
True
Is 2849317 prime?
True
Is 669387 a composite number?
True
Is 4450213 a prime number?
True
Is 123955973 composite?
False
Is 151824507 composite?
True
Is 494385553 composite?
True
Is 96023167 prime?
False
Is 16464941 prime?
False
Is 356869013 composite?
True
Is 167512231 a prime number?
True
Is 1972769 composite?
True
Is 123307 a composite number?
False
Is 129106643 composite?
False
Is 22709455 composite?
True
Is 1123699 a prime number?
True
Is 199825807 a composite number?
False
Is 268622837 composite?
True
Is 56964097 a prime number?
True
Is 6143063 a composite number?
False
Is 16598801 composite?
True
Is 4224763 prime?
False
Is 89773559 a prime number?
False
Is 6858179 prime?
True
Is 5696531 a composite number?
False
Is 4412141 a prime number?
True
Is 42877333 a composite number?
False
Is 143327461 a prime number?
False
Is 19073861 composite?
False
Is 123520819 a prime number?
True
Is 675804005 prime?
False
Is 1634977 a composite number?
True
Is 140065841 a composite number?
False
Is 2193509 prime?
True
Is 124427 prime?
True
Is 69618893 a prime number?
False
Is 244527641 composite?
False
Is 55014517 a prime number?
False
Is 9382567 prime?
True
Is 16832867 a composite number?
False
Is 1025203 a composite number?
False
Is 483281 a prime number?
True
Is 15795887 composite?
False
Is 8241302 composite?
True
Is 3488057 a composite number?
False
Is 244557231 composite?
True
Is 48430189 prime?
False
Is 9917065 a prime number?
False
Is 1106507 a composite number?
True
Is 167753631 prime?
False
Is 6070543 a prime number?
True
Is 1143457 a prime number?
False
Is 16068419 a prime number?
False
Is 36920099 composite?
False
Is 74919037 a prime number?
False
Is 48296579 composite?
True
Is 427191337 composite?
False
Is 36426133 prime?
True
Is 209623009 composite?
False
Is 47910373 a composite number?
True
Is 8436257 a composite number?
True
Is 5850629 prime?
False
Is 4347647 composite?
False
Is 2435039 a composite number?
False
Is 68257361 a prime number?
True
Is 20899897 composite?
False
Is 40729613 prime?
False
Is 4904759 a prime number?
True
Is 10070671 composite?
True
Is 5250027 composite?
True
Is 43106287 a prime number?
False
Is 1299423 a composite number?
True
Is 24368021 composite?
True
Is 61033099 a composite number?
True
Is 89724977 a prime number?
False
Is 262028045 a composite number?
True
Is 101033537 a prime number?
False
Is 10643461 a prime number?
False
Is 66745571 prime?
True
Is 198618919 composite?
False
Is 7559521 a prime number?
True
Is 30892903 a prime number?
True
Is 30991739 prime?
False
Is 56642711 composite?
False
Is 40834427 prime?
True
Is 2074393 a composite number?
True
Is 10626629 a prime number?
False
Is 10457317 prime?
False
Is 59456851 composite?
False
Is 3297293 a prime number?
True
Is 24417661 a composite number?
True
Is 923017 a composite number?
False
Is 5338967 a composite number?
True
Is 3649363 a prime number?
True
Is 16634999 prime?
False
Is 63352637 a prime number?
True
Is 4101431 composite?
False
Is 4747133 composite?
True
Is 4085069 a prime number?
True
Is 18829393 prime?
False
Is 3660577 a composite number?
True
Is 553414343 composite?
True
Is 562201 a prime number?
True
Is 11822783 prime?
False
Is 914550529 a prime number?
False
Is 1651093 prime?
True
Is 32325647 composite?
False
Is 7300561 composite?
True
Is 43890929 composite?
False
Is 1535581 composite?
False
Is 223892549 composite?
False
Is 2475511 a prime number?
False
Is 92641489 prime?
False
Is 175932545 prime?
False
Is 2880721 a prime number?
False
Is 25503743 a prime number?
False
Is 43005989 prime?
False
Is 52763459 a prime number?
False
Is 319771 a composite number?
True
Is 215944649 a prime number?
False
Is 1864039 a prime number?
True
Is 127943899 a prime number?
True
Is 5779271 composite?
False
Is 2737747 a composite number?
False
Is 24229721 a composite number?
False
Is 289049 a prime number?
True
Is 15993499 a composite number?
False
Is 209499223 a prime number?
True
Is 20317127 a composite number?
False
Is 889357 composite?
True
Is 13051781 a composite number?
True
Is 13651133 a prime number?
True
Is 6893279 composite?
True
Is 3107483 composite?
False
Is 328723 prime?
False
Is 